g - 13. Let h be 120/150*45/(-6). What is z(h)?
11
Let i = -117 + 119. Let y(g) = 13*g**2 + 2 - 30*g**2 + g + 18*g**i. Determine y(2).
8
Let o(f) = f - 1. Let u(h) = -h**3 + 10*h**2 + 26*h - 24. Let t be (-36)/(-10)*560/168. Let w be u(t). Determine o(w).
-1
Let b = 94 - 80. Let f(v) = -v**2 + 15*v - 19. Let r be f(b). Let x(w) = -2*w - 2. Calculate x(r).
8
Let x(m) be the second derivative of m**5/20 + m**4/2 + m**3 + 5*m**2/2 - 38*m. Let q be x(-5). Let z(t) = 4 - 47*t + 48*t - 3. What is z(q)?
1
Let n(f) = -69 - 54*f - 55*f - 54*f - 54*f + 205*f. Determine n(-5).
-9
Suppose -y = 3*b + 771, 8*b - 7*b = -2*y - 1547. Let m = y - -777. Let i(q) = -q**3 + 4*q**2 + q. What is i(m)?
12
Let s = -7353 + 7345. Let h(k) = -45*k - 3 - 4 + 43*k. Give h(s).
9
Let h(f) = -f**3 + 188746*f + 188730*f + 1 - 5*f**2 - 7 - 377472*f. Let s(m) = m**2 + 7*m - 6. Let g be s(-7). Calculate h(g).
6
Let f(i) = -7*i**3 + 2*i**2 - 2*i + 1. Let a(s) = 78*s**3 - 21*s**2 + 22*s - 20. Let k(w) = a(w) + 11*f(w). What is k(3)?
27
Let a(l) be the first derivative of -l**4/4 - 4*l**3 + 7*l**2 + l - 571. Determine a(-13).
-12
Let r(x) = -13*x. Let z(i) be the third derivative of -13*i**4/8 - 4*i**2. Let c(a) = 13*r(a) - 4*z(a). Let l be 270/(-18) + (-3 - -17). Calculate c(l).
13
Let n be -5*(-4 - -13 - 10). Let z(p) = -p**2 + 10*p + 8. Calculate z(n).
33
Let m(z) be the second derivative of 1/12*z**4 + 2*z - 7/6*z**3 + 1/2*z**2 - 9. Determine m(6).
-5
Suppose 5*x - 157 = -b, 55*x + 12 = 58*x. Let r = -139 + b. Let t(l) = -2*l**3 + 2*l**2 + 3*l + 3. Calculate t(r).
21
Let b be (-1555)/(-30) + (-1)/(-6). Suppose 0 = 3*q - 15*q - 576. Let s = b + q. Let c(d) = -d**2 + 3*d + 1. What is c(s)?
-3
Let y(d) be the second derivative of -5*d**3/3 - d**2/2 + 2*d + 614. Determine y(-5).
49
Let o be ((3 + 80/(-30))/((-4)/(-24)))/(-2). Let p(u) = -17*u**2 - 4*u - 5. Give p(o).
-18
Suppose 0 = 9*i - 37*i - 15*i + 473. Let q(k) = 4*k**3 - 45*k**2 + 9*k + 16. Calculate q(i).
-6
Let b(n) = -7*n**2 - 25*n - 31. Let s(y) = 20*y**2 + 75*y + 89. Let o(c) = -17*b(c) - 6*s(c). Give o(-26).
-33
Let l(q) be the second derivative of -5*q**3/6 - q**2/2 - 77*q - 2. Suppose 0 = 3*u - 0*u - 48. Suppose 5*p - u = i, 6*p = -2*i + p + 13. Calculate l(i).
4
Suppose 598*b - 103*b - 1908 = -141*b. Let l(v) = -8*v**2 + 6*v - 6. Give l(b).
-60
Let i be ((-4)/6)/((-6)/(-27)) + 6. Let x(r) = -124*r**2 - 6*r + 1 + i + 125*r**2. What is x(5)?
-1
Let x(o) = -o**3 + 8*o**2 + 18*o - 83. Let s be x(9). Let g(c) = c**2 + 5*c + 6. Give g(s).
0
Let r = -17790 - -17778. Let h(k) = k**3 + 13*k**2 + 10*k - 7. What is h(r)?
17
Let l(f) be the second derivative of -5*f**3/6 + 87*f**2/2 - 6157*f. Determine l(13).
22
Let a(v) = -5*v + 6*v - 3*v**2 - 17 + 16 + 12. Give a(-3).
-19
Let y(i) = 2*i**2 - 13. Let o(r) = 13*r**2 - 83. Let k(m) = o(m) - 6*y(m). Give k(0).
-5
Let z(g) = 2*g + 9. Let h(d) = 3*d + 9. Let y be ((4 - 6)/8)/(4/(-48)). Let m(l) = y*h(l) - 4*z(l). Give m(0).
-9
Let l(n) be the first derivative of n**4/4 + 7*n**3/3 - n**2 + 2*n + 1. Suppose -807*g = -812*g - 35. Give l(g).
16
Let w = 48 - 44. Suppose -18 + w = -7*x. Let k(d) = 31*d + 47*d - 2 + 1 - 76*d. Determine k(x).
3
Let g(z) = z**2 - 9*z + 51. Let r = 21578 + -21573. What is g(r)?
31
Let w = 216 - 115. Suppose 43 = 36*k - w. Let u(q) = -q**2 + 7*q + 1. Determine u(k).
13
Let q(f) be the first derivative of -3*f**3 + f + 32987. Let y = -1 + 1. Let v be y*(-1)/(-2) - 1. Give q(v).
-8
Let f(v) = 3*v + 9. Let g(r) = -4 + 2*r**2 - 3*r**2 + 3*r - 5*r**2. Suppose -2*n - 16 = -6*m, 0 = -5*m + 4*n + 8 + 17. Let l be g(m). What is f(l)?
-12
Let h(u) = 119*u + 41. Let r(z) = 23*z + 9. Let y(q) = 4*h(q) - 22*r(q). Calculate y(5).
-184
Let v(p) = -6*p**2 - 8*p - 7. Let w(h) = -h**3 - 215*h**2 - 1658*h - 20. Let m be w(-8). Calculate v(m).
-71
Let c(y) = 11 + 258*y**3 - y - 9*y**2 - 84*y**3 - 85*y**3 - 88*y**3 + 0*y. Let o be 130/14 + 30/(-105). What is c(o)?
2
Let d(o) = -3*o + 44. Let n = 2132 - 2121. Give d(n).
11
Let f(i) = 15*i - 48. Let p(x) = 7*x - 25. Let s(v) = 4*f(v) - 9*p(v). Determine s(22).
-33
Let x(k) = -2*k**2 - 20*k - 5. Let n(w) = w**3 - 30*w**2 - 32*w + 34. Let v be n(31). Suppose 41*p - 38*p = -2*r - 26, v*r - 46 = 4*p. What is x(p)?
-5
Let x(b) = -23*b**2 - 250*b + 26. Let d be x(-11). Let y(f) = 6 - 4*f + 5*f - 5. What is y(d)?
-6
Let b(j) be the third derivative of j**6/120 + j**5/60 - j**4/24 - 6*j**3 + 214*j**2. Calculate b(0).
-36
Let f(z) = -97*z**2 + 8*z - 69 + 95*z**2 + 58 - 5*z. Suppose 0 - 4 = -y. Let d(s) = 3*s**2 - 4*s + 13. Let q(j) = y*d(j) + 5*f(j). Give q(3).
12
Let o(i) = i**3 - 13*i**2 - 49*i + 18. Let y be o(16). Suppose 4*r - 7 = g + y*g, 0 = 5*r - 4*g - 9. Let d(f) = -14*f**3 + 2*f**2 - 2*f + 1. What is d(r)?
-13
Let d(x) = -x**3 - x**2. Let m(j) = j**3 + 3*j**2. Let a(s) = 2*d(s) + m(s). Let g(k) = -165*k - 10560. Let q be g(-64). What is a(q)?
0
Let z(j) = -j. Let m be z(-1). Let k(f) be the first derivative of 11*f**3/3 + f**2 - f + 1836. Give k(m).
12
Let a(w) = -34*w - 61. Let y(m) = 13*m + 1272. Let c be y(-98). Determine a(c).
7
Suppose -200*q = -198*q. Let b(d) = -d**2 - d - 58. Give b(q).
-58
Let a(j) = -4*j. Let x(n) = 33*n - 2. Let o(f) = -7*a(f) - x(f). Suppose 0 = 5*p - 8 - 2. Let b be o(p). Let g(t) = -t**2 - 9*t - 9. Determine g(b).
-1
Let d(h) = -h**2 + 16*h - 50. Let g = 1672 + -1666. Calculate d(g).
10
Let u be (3 + (-24)/(-9) + 2)*3. Let z be u/(-2) + 81/54. Let v(l) = l**3 + 11*l**2 + 9*l + 14. Give v(z).
24
Suppose -130*y - 3589 + 441 = 102. Let c(o) = -4*o**2 - 100*o + 34. Calculate c(y).
34
Let o(a) be the first derivative of a**3/3 - 11*a**2/2 - 4*a - 658. Give o(9).
-22
Let d(x) = -x**2 + 9*x. Suppose -16*y - 14*y = -3*y - 189. Determine d(y).
14
Let a(u) = -6*u - 4. Suppose -3 = -3*v, -118*h = -117*h - 4*v + 13. Determine a(h).
50
Let o(s) be the third derivative of -21*s**2 + 0*s**5 + 11/6*s**3 + 0*s + 7/120*s**6 + 0 - 1/24*s**4. Let u(r) be the first derivative of o(r). Calculate u(1).
20
Let n(w) = 8*w + 2*w + 15*w**2 - 8 + 3 - 16*w**2. Suppose -3*a = i + 4, 3*a - i + 5 = -3. Let s be (-825)/(-105) + a/(-14). What is n(s)?
11
Let s(p) = -14 + 33 - 17 - 12*p. Let r(g) = g + 12. Let j be r(-6). Suppose -5*d - 4 = j. Give s(d).
26
Let t(u) = 3*u**2 + 3*u + 1. Let n be t(-1). Let s be 3 - (-32)/(-6)*78/(-8). Let m be 44/s*n*-5. Let q(x) = x**2 + 7*x + 6. Determine q(m).
-6
Let u be ((-10)/(-35))/(1/28). Let b = 0 + u. Let o(q) = 7 - q**3 + 1 - 7 + 0*q**3 - 7*q + b*q**2. What is o(7)?
1
Let v be -14 - -24 - (1 + 4). Let l(c) = -6*c**3 - 20*c**2 + c + 1. Let o(w) = w**3 + 4*w**2. Let p(j) = 2*l(j) + 11*o(j). Calculate p(v).
-13
Let v(h) = -h - 1. Let k = -42 - -49. Let s(b) = -k + 0*b - 7*b - 3*b + 4*b. Let c(d) = s(d) - 5*v(d). What is c(5)?
-7
Let t = 718 + -722. Let y(j) = 2*j**2 + j**3 + 2 + 6*j - 11*j + 1. Calculate y(t).
-9
Suppose -58 = -4*m + 3*r, -5*r - 2 = -2*m + 6. Let h(g) = g**3 - 18*g**2 - 19*g. What is h(m)?
0
Let s(m) = -m**3 - 9*m**2 + 13*m - 4. Let x(c) = -c**3 - 2*c**2 + 13*c - 10. Let i be x(-5). Suppose t = -i*t + 2*k, 20 = -3*t + 2*k. What is s(t)?
-34
Let p = 3147 + -3142. Let l(b) be the second derivative of b**5/60 - 5*b**4/24 + b**3/3 - b. Let a(s) be the second derivative of l(s). What is a(p)?
5
Let v be (-3 - -1 - 0)*-1. Let a(s) = 6*s**3 - s**2 + 6*s - 11. Let y(m) = -7*m**3 + m**2 - 7*m + 13. Let r(p) = 5*a(p) + 4*y(p). Determine r(v).
13
Suppose -21*t + 35 = -7. Let r(z) = 10*z**t + 5*z - 26*z**2 + 7*z**2 + 8*z**2. Determine r(6).
-6
Let c(t) = t**3 - 2*t**2 - t + 4. Let n be 5985/(-190)*(-88)/14. Suppose 0 = -37*s - 29*s - n. Determine c(s).
-38
Let v(w) = 89 - 5*w - 50 - 48. Give v(-5).
16
Suppose -53*b - 2*z - 8 = -52*b, 5*z = -5. Let y(i) = -i**2 - 10*i - 8. Calculate y(b).
16
Let c(f) = -f**3 + 10*f**2 + 7. Let g be 49/(3 - -4) - (-3 - -2). Let h be c(g). Let x = h + -141. Let n(y) = y**2 + 6*y + 8. Determine n(x).
8
Suppose -31*q - 1515 = 70*q. Let v(x) = -2*x**3 - 29*x**2 + 13*x - 25. Give v(q).
5
Suppose 0 = 57*m - 45*m + 108. Let u(r) = 4*r + 33. Calculate u(m).
-3
Let w(d) = d**2 + 4*d + 13. Let i(g) = g**2 + 3*g + 18. Let t(k) = 6*i(k) - 7*w(k). Let m(r) = -r**3 - 4*r**2 - 8*r - 28. Let s be m(-3). Calculate t(s).
-22
Let w(l) = 5*l + 3. Let d be 2 - (1 - 0) - (-8 +